{"version":"1.0","provider_name":"Mikl\u00f3s TV","provider_url":"https:\/\/miklostv.com\/new","title":"JNSZ V\u00c1RMEGYEI CIVIL D\u00cdJBAN R\u00c9SZES\u00dcLT BUZ\u00c1S S\u00c1NDORN\u00c9 - Mikl\u00f3s TV","type":"rich","width":600,"height":338,"html":"<blockquote class=\"wp-embedded-content\" data-secret=\"eQRewGNN33\"><a href=\"https:\/\/miklostv.com\/new\/2024\/02\/05\/jnsz-varmegyei-civil-dijban-reszesult-buzas-sandorne\/\">JNSZ V\u00c1RMEGYEI CIVIL D\u00cdJBAN R\u00c9SZES\u00dcLT BUZ\u00c1S S\u00c1NDORN\u00c9<\/a><\/blockquote><iframe sandbox=\"allow-scripts\" security=\"restricted\" src=\"https:\/\/miklostv.com\/new\/2024\/02\/05\/jnsz-varmegyei-civil-dijban-reszesult-buzas-sandorne\/embed\/#?secret=eQRewGNN33\" width=\"600\" height=\"338\" title=\"&#8220;JNSZ V\u00c1RMEGYEI CIVIL D\u00cdJBAN R\u00c9SZES\u00dcLT BUZ\u00c1S S\u00c1NDORN\u00c9&#8221; &#8212; Mikl\u00f3s TV\" data-secret=\"eQRewGNN33\" frameborder=\"0\" marginwidth=\"0\" marginheight=\"0\" scrolling=\"no\" class=\"wp-embedded-content\"><\/iframe><script type=\"text\/javascript\">\n\/* <![CDATA[ *\/\n\/*! This file is auto-generated *\/\n!function(d,l){\"use strict\";l.querySelector&&d.addEventListener&&\"undefined\"!=typeof URL&&(d.wp=d.wp||{},d.wp.receiveEmbedMessage||(d.wp.receiveEmbedMessage=function(e){var t=e.data;if((t||t.secret||t.message||t.value)&&!\/[^a-zA-Z0-9]\/.test(t.secret)){for(var s,r,n,a=l.querySelectorAll('iframe[data-secret=\"'+t.secret+'\"]'),o=l.querySelectorAll('blockquote[data-secret=\"'+t.secret+'\"]'),c=new RegExp(\"^https?:$\",\"i\"),i=0;i<o.length;i++)o[i].style.display=\"none\";for(i=0;i<a.length;i++)s=a[i],e.source===s.contentWindow&&(s.removeAttribute(\"style\"),\"height\"===t.message?(1e3<(r=parseInt(t.value,10))?r=1e3:~~r<200&&(r=200),s.height=r):\"link\"===t.message&&(r=new URL(s.getAttribute(\"src\")),n=new URL(t.value),c.test(n.protocol))&&n.host===r.host&&l.activeElement===s&&(d.top.location.href=t.value))}},d.addEventListener(\"message\",d.wp.receiveEmbedMessage,!1),l.addEventListener(\"DOMContentLoaded\",function(){for(var e,t,s=l.querySelectorAll(\"iframe.wp-embedded-content\"),r=0;r<s.length;r++)(t=(e=s[r]).getAttribute(\"data-secret\"))||(t=Math.random().toString(36).substring(2,12),e.src+=\"#?secret=\"+t,e.setAttribute(\"data-secret\",t)),e.contentWindow.postMessage({message:\"ready\",secret:t},\"*\")},!1)))}(window,document);\n\/\/# sourceURL=https:\/\/miklostv.com\/new\/wp-includes\/js\/wp-embed.min.js\n\/* ]]> *\/\n<\/script>\n","thumbnail_url":"https:\/\/miklostv.com\/new\/wp-content\/uploads\/2024\/02\/422042244_889837133145493_8508372342595076221_n.jpg","thumbnail_width":2048,"thumbnail_height":1365,"description":"Febru\u00e1r 1. a Civilek Napja Magyarorsz\u00e1gon. Ez alkalomb\u00f3l adta \u00e1t Szolnokon, a J\u00e1sz-Nagykun-Szolnok V\u00e1rmegyei Civil K\u00f6z\u00f6ss\u00e9gi Szolg\u00e1ltat\u00f3 K\u00f6zpont a 2019-ben alap\u00edtott Civil D\u00edjat. Ebben az \u00e9vben kiemelked\u0151 civil tev\u00e9kenys\u00e9g\u00e9\u00e9rt Buz\u00e1s S\u00e1ndorn\u00e9, a T\u00f6r\u00f6kszentmikl\u00f3si Cukorbetegek\u00e9rt Egyes\u00fclet Eln\u00f6ke, T\u00f6r\u00f6kszentmikl\u00f3s V\u00e1ros D\u00edszpolg\u00e1ra vehette \u00e1t az elismer\u00e9st. Mindig b\u00fcszkes\u00e9ggel t\u00f6lt el, minket T\u00f6r\u00f6kszentmikl\u00f3siakat, ha valaki k\u00f6z\u00fcl\u00fcnk munk\u00e1ja sor\u00e1n elismer\u00e9st szerez v\u00e1rosunkon k\u00edv\u00fcl is. Sz\u00edvb\u0151l gratul\u00e1lok Jusztik\u00e1nak a d\u00edjhoz, \u00e9s nagyon j\u00f3 eg\u00e9szs\u00e9get, tov\u00e1bbi sikereket k\u00edv\u00e1nok a k\u00f6z\u00f6ss\u00e9get megtart\u00f3 munk\u00e1j\u00e1hoz! -olvashat\u00f3 Mark\u00f3t Imre polg\u00e1rmester facebook oldal\u00e1n"}

Miklós TV

JNSZ VÁRMEGYEI CIVIL DÍJBAN RÉSZESÜLT BUZÁS SÁNDORNÉ - Miklós TV

<blockquote class="wp-embedded-content" data-secret="eQRewGNN33"><a href="https://miklostv.com/new/2024/02/05/jnsz-varmegyei-civil-dijban-reszesult-buzas-sandorne/">JNSZ VÁRMEGYEI CIVIL DÍJBAN RÉSZESÜLT BUZÁS SÁNDORNÉ</a></blockquote><iframe sandbox="allow-scripts" security="restricted" src="https://miklostv.com/new/2024/02/05/jnsz-varmegyei-civil-dijban-reszesult-buzas-sandorne/embed/#?secret=eQRewGNN33" width="600" height="338" title="&#8220;JNSZ VÁRMEGYEI CIVIL DÍJBAN RÉSZESÜLT BUZÁS SÁNDORNÉ&#8221; &#8212; Miklós TV" data-secret="eQRewGNN33" frameborder="0" marginwidth="0" marginheight="0" scrolling="no" class="wp-embedded-content"></iframe><script type="text/javascript">
/* <![CDATA[ */
/*! This file is auto-generated */
!function(d,l){"use strict";l.querySelector&&d.addEventListener&&"undefined"!=typeof URL&&(d.wp=d.wp||{},d.wp.receiveEmbedMessage||(d.wp.receiveEmbedMessage=function(e){var t=e.data;if((t||t.secret||t.message||t.value)&&!/[^a-zA-Z0-9]/.test(t.secret)){for(var s,r,n,a=l.querySelectorAll('iframe[data-secret="'+t.secret+'"]'),o=l.querySelectorAll('blockquote[data-secret="'+t.secret+'"]'),c=new RegExp("^https?:$","i"),i=0;i<o.length;i++)o[i].style.display="none";for(i=0;i<a.length;i++)s=a[i],e.source===s.contentWindow&&(s.removeAttribute("style"),"height"===t.message?(1e3<(r=parseInt(t.value,10))?r=1e3:~~r<200&&(r=200),s.height=r):"link"===t.message&&(r=new URL(s.getAttribute("src")),n=new URL(t.value),c.test(n.protocol))&&n.host===r.host&&l.activeElement===s&&(d.top.location.href=t.value))}},d.addEventListener("message",d.wp.receiveEmbedMessage,!1),l.addEventListener("DOMContentLoaded",function(){for(var e,t,s=l.querySelectorAll("iframe.wp-embedded-content"),r=0;r<s.length;r++)(t=(e=s[r]).getAttribute("data-secret"))||(t=Math.random().toString(36).substring(2,12),e.src+="#?secret="+t,e.setAttribute("data-secret",t)),e.contentWindow.postMessage({message:"ready",secret:t},"*")},!1)))}(window,document);
//# sourceURL=https://miklostv.com/new/wp-includes/js/wp-embed.min.js
/* ]]> */
</script>

Február 1. a Civilek Napja Magyarországon. Ez alkalomból adta át Szolnokon, a Jász-Nagykun-Szolnok Vármegyei Civil Közösségi Szolgáltató Központ a 2019-ben alapított Civil Díjat. Ebben az évben kiemelkedő civil tevékenységéért Buzás Sándorné, a Törökszentmiklósi Cukorbetegekért Egyesület Elnöke, Törökszentmiklós Város Díszpolgára vehette át az elismerést. Mindig büszkeséggel tölt el, minket Törökszentmiklósiakat, ha valaki közülünk munkája során elismerést szerez városunkon kívül is. Szívből gratulálok Jusztikának a díjhoz, és nagyon jó egészséget, további sikereket kívánok a közösséget megtartó munkájához! -olvasható Markót Imre polgármester facebook oldalán
