{"version":"1.0","provider_name":"Mikl\u00f3s TV","provider_url":"https:\/\/miklostv.com\/new","title":"Nyolc napon t\u00fal gy\u00f3gyul\u00f3 s\u00e9r\u00fcl\u00e9st szenvedett a ker\u00e9kp\u00e1ros - Mikl\u00f3s TV","type":"rich","width":600,"height":338,"html":"<blockquote class=\"wp-embedded-content\" data-secret=\"16b1JzaSUh\"><a href=\"https:\/\/miklostv.com\/new\/2022\/01\/06\/nyolc-napon-tul-gyogyulo-serulest-szenvedett-a-kerekparos\/\">Nyolc napon t\u00fal gy\u00f3gyul\u00f3 s\u00e9r\u00fcl\u00e9st szenvedett a ker\u00e9kp\u00e1ros<\/a><\/blockquote><iframe sandbox=\"allow-scripts\" security=\"restricted\" src=\"https:\/\/miklostv.com\/new\/2022\/01\/06\/nyolc-napon-tul-gyogyulo-serulest-szenvedett-a-kerekparos\/embed\/#?secret=16b1JzaSUh\" width=\"600\" height=\"338\" title=\"&#8220;Nyolc napon t\u00fal gy\u00f3gyul\u00f3 s\u00e9r\u00fcl\u00e9st szenvedett a ker\u00e9kp\u00e1ros&#8221; &#8212; Mikl\u00f3s TV\" data-secret=\"16b1JzaSUh\" frameborder=\"0\" marginwidth=\"0\" marginheight=\"0\" scrolling=\"no\" class=\"wp-embedded-content\"><\/iframe><script type=\"text\/javascript\">\n\/* <![CDATA[ *\/\n\/*! This file is auto-generated *\/\n!function(d,l){\"use strict\";l.querySelector&&d.addEventListener&&\"undefined\"!=typeof URL&&(d.wp=d.wp||{},d.wp.receiveEmbedMessage||(d.wp.receiveEmbedMessage=function(e){var t=e.data;if((t||t.secret||t.message||t.value)&&!\/[^a-zA-Z0-9]\/.test(t.secret)){for(var s,r,n,a=l.querySelectorAll('iframe[data-secret=\"'+t.secret+'\"]'),o=l.querySelectorAll('blockquote[data-secret=\"'+t.secret+'\"]'),c=new RegExp(\"^https?:$\",\"i\"),i=0;i<o.length;i++)o[i].style.display=\"none\";for(i=0;i<a.length;i++)s=a[i],e.source===s.contentWindow&&(s.removeAttribute(\"style\"),\"height\"===t.message?(1e3<(r=parseInt(t.value,10))?r=1e3:~~r<200&&(r=200),s.height=r):\"link\"===t.message&&(r=new URL(s.getAttribute(\"src\")),n=new URL(t.value),c.test(n.protocol))&&n.host===r.host&&l.activeElement===s&&(d.top.location.href=t.value))}},d.addEventListener(\"message\",d.wp.receiveEmbedMessage,!1),l.addEventListener(\"DOMContentLoaded\",function(){for(var e,t,s=l.querySelectorAll(\"iframe.wp-embedded-content\"),r=0;r<s.length;r++)(t=(e=s[r]).getAttribute(\"data-secret\"))||(t=Math.random().toString(36).substring(2,12),e.src+=\"#?secret=\"+t,e.setAttribute(\"data-secret\",t)),e.contentWindow.postMessage({message:\"ready\",secret:t},\"*\")},!1)))}(window,document);\n\/\/# sourceURL=https:\/\/miklostv.com\/new\/wp-includes\/js\/wp-embed.min.js\n\/* ]]> *\/\n<\/script>\n","thumbnail_url":"https:\/\/miklostv.com\/new\/wp-content\/uploads\/2022\/01\/tm_baleset_0.jpg","thumbnail_width":1280,"thumbnail_height":854,"description":"A J\u00e1sz-Nagykun-Szolnok Megyei Rend\u0151r-f\u0151kapit\u00e1nys\u00e1g illet\u00e9kess\u00e9gi ter\u00fclet\u00e9n az elm\u00falt 24 \u00f3r\u00e1ban k\u00e9t szem\u00e9lyi s\u00e9r\u00fcl\u00e9ssel j\u00e1r\u00f3 k\u00f6z\u00fati k\u00f6zleked\u00e9si baleset jutott a rend\u0151rs\u00e9g tudom\u00e1s\u00e1ra. Az elm\u00falt napon a megye rend\u0151rei k\u00e9t ittas j\u00e1rm\u0171vezet\u0151vel szemben int\u00e9zkedtek, tov\u00e1bb\u00e1 k\u00e9t szem\u00e9lyt fogtak el az ellen\u00fck \u00e9rv\u00e9nyben l\u00e9v\u0151 k\u00f6r\u00f6z\u00e9s alapj\u00e1n. Egy t\u00f6r\u00f6kszentmikl\u00f3si lakos k\u00f6zlekedett biciklivel a v\u00e1ros belter\u00fclet\u00e9n tal\u00e1lhat\u00f3 ker\u00e9kp\u00e1r\u00faton 2022. janu\u00e1r 5-\u00e9n a d\u00e9lut\u00e1ni \u00f3r\u00e1kban. A ker\u00e9kp\u00e1ros a Kossuth utca m\u00e1sik oldal\u00e1ra k\u00edv\u00e1nt \u00e1tkerekezni, azonban \u2013 az els\u0151bbs\u00e9gad\u00e1s k\u00f6telez\u0151 jelz\u0151t\u00e1bla figyelmeztet\u00e9se ellen\u00e9re \u2013 nem biztos\u00edtott els\u0151bbs\u00e9get a v\u00e9dett \u00faton halad\u00f3 j\u00e1rm\u0171nek \u00e9s \u00f6ssze\u00fctk\u00f6ztek. A baleset k\u00f6vetkezt\u00e9ben&hellip;"}

Miklós TV

Nyolc napon túl gyógyuló sérülést szenvedett a kerékpáros - Miklós TV

<blockquote class="wp-embedded-content" data-secret="16b1JzaSUh"><a href="https://miklostv.com/new/2022/01/06/nyolc-napon-tul-gyogyulo-serulest-szenvedett-a-kerekparos/">Nyolc napon túl gyógyuló sérülést szenvedett a kerékpáros</a></blockquote><iframe sandbox="allow-scripts" security="restricted" src="https://miklostv.com/new/2022/01/06/nyolc-napon-tul-gyogyulo-serulest-szenvedett-a-kerekparos/embed/#?secret=16b1JzaSUh" width="600" height="338" title="&#8220;Nyolc napon túl gyógyuló sérülést szenvedett a kerékpáros&#8221; &#8212; Miklós TV" data-secret="16b1JzaSUh" frameborder="0" marginwidth="0" marginheight="0" scrolling="no" class="wp-embedded-content"></iframe><script type="text/javascript">
/* <![CDATA[ */
/*! This file is auto-generated */
!function(d,l){"use strict";l.querySelector&&d.addEventListener&&"undefined"!=typeof URL&&(d.wp=d.wp||{},d.wp.receiveEmbedMessage||(d.wp.receiveEmbedMessage=function(e){var t=e.data;if((t||t.secret||t.message||t.value)&&!/[^a-zA-Z0-9]/.test(t.secret)){for(var s,r,n,a=l.querySelectorAll('iframe[data-secret="'+t.secret+'"]'),o=l.querySelectorAll('blockquote[data-secret="'+t.secret+'"]'),c=new RegExp("^https?:$","i"),i=0;i<o.length;i++)o[i].style.display="none";for(i=0;i<a.length;i++)s=a[i],e.source===s.contentWindow&&(s.removeAttribute("style"),"height"===t.message?(1e3<(r=parseInt(t.value,10))?r=1e3:~~r<200&&(r=200),s.height=r):"link"===t.message&&(r=new URL(s.getAttribute("src")),n=new URL(t.value),c.test(n.protocol))&&n.host===r.host&&l.activeElement===s&&(d.top.location.href=t.value))}},d.addEventListener("message",d.wp.receiveEmbedMessage,!1),l.addEventListener("DOMContentLoaded",function(){for(var e,t,s=l.querySelectorAll("iframe.wp-embedded-content"),r=0;r<s.length;r++)(t=(e=s[r]).getAttribute("data-secret"))||(t=Math.random().toString(36).substring(2,12),e.src+="#?secret="+t,e.setAttribute("data-secret",t)),e.contentWindow.postMessage({message:"ready",secret:t},"*")},!1)))}(window,document);
//# sourceURL=https://miklostv.com/new/wp-includes/js/wp-embed.min.js
/* ]]> */
</script>

A Jász-Nagykun-Szolnok Megyei Rendőr-főkapitányság illetékességi területén az elmúlt 24 órában két személyi sérüléssel járó közúti közlekedési baleset jutott a rendőrség tudomására. Az elmúlt napon a megye rendőrei két ittas járművezetővel szemben intézkedtek, továbbá két személyt fogtak el az ellenük érvényben lévő körözés alapján. Egy törökszentmiklósi lakos közlekedett biciklivel a város belterületén található kerékpárúton 2022. január 5-én a délutáni órákban. A kerékpáros a Kossuth utca másik oldalára kívánt átkerekezni, azonban – az elsőbbségadás kötelező jelzőtábla figyelmeztetése ellenére – nem biztosított elsőbbséget a védett úton haladó járműnek és összeütköztek. A baleset következtében&hellip;
