{"version":"1.0","provider_name":"Mikl\u00f3s TV","provider_url":"https:\/\/miklostv.com\/new","title":"FORGALOMELTEREL\u00c9S A 4. SZ\u00c1M\u00da F\u0150\u00daT T\u00d6R\u00d6KSZENTMIKL\u00d3SI SZAKASZ\u00c1N - Mikl\u00f3s TV","type":"rich","width":600,"height":338,"html":"<blockquote class=\"wp-embedded-content\" data-secret=\"gPQRPeWNXx\"><a href=\"https:\/\/miklostv.com\/new\/2021\/06\/24\/forgalomeltereles-a-4-szamu-fout-torokszentmiklosi-szakaszan\/\">FORGALOMELTEREL\u00c9S A 4. SZ\u00c1M\u00da F\u0150\u00daT T\u00d6R\u00d6KSZENTMIKL\u00d3SI SZAKASZ\u00c1N<\/a><\/blockquote><iframe sandbox=\"allow-scripts\" security=\"restricted\" src=\"https:\/\/miklostv.com\/new\/2021\/06\/24\/forgalomeltereles-a-4-szamu-fout-torokszentmiklosi-szakaszan\/embed\/#?secret=gPQRPeWNXx\" width=\"600\" height=\"338\" title=\"&#8220;FORGALOMELTEREL\u00c9S A 4. SZ\u00c1M\u00da F\u0150\u00daT T\u00d6R\u00d6KSZENTMIKL\u00d3SI SZAKASZ\u00c1N&#8221; &#8212; Mikl\u00f3s TV\" data-secret=\"gPQRPeWNXx\" frameborder=\"0\" marginwidth=\"0\" marginheight=\"0\" scrolling=\"no\" class=\"wp-embedded-content\"><\/iframe><script type=\"text\/javascript\">\n\/* <![CDATA[ *\/\n\/*! This file is auto-generated *\/\n!function(d,l){\"use strict\";l.querySelector&&d.addEventListener&&\"undefined\"!=typeof URL&&(d.wp=d.wp||{},d.wp.receiveEmbedMessage||(d.wp.receiveEmbedMessage=function(e){var t=e.data;if((t||t.secret||t.message||t.value)&&!\/[^a-zA-Z0-9]\/.test(t.secret)){for(var s,r,n,a=l.querySelectorAll('iframe[data-secret=\"'+t.secret+'\"]'),o=l.querySelectorAll('blockquote[data-secret=\"'+t.secret+'\"]'),c=new RegExp(\"^https?:$\",\"i\"),i=0;i<o.length;i++)o[i].style.display=\"none\";for(i=0;i<a.length;i++)s=a[i],e.source===s.contentWindow&&(s.removeAttribute(\"style\"),\"height\"===t.message?(1e3<(r=parseInt(t.value,10))?r=1e3:~~r<200&&(r=200),s.height=r):\"link\"===t.message&&(r=new URL(s.getAttribute(\"src\")),n=new URL(t.value),c.test(n.protocol))&&n.host===r.host&&l.activeElement===s&&(d.top.location.href=t.value))}},d.addEventListener(\"message\",d.wp.receiveEmbedMessage,!1),l.addEventListener(\"DOMContentLoaded\",function(){for(var e,t,s=l.querySelectorAll(\"iframe.wp-embedded-content\"),r=0;r<s.length;r++)(t=(e=s[r]).getAttribute(\"data-secret\"))||(t=Math.random().toString(36).substring(2,12),e.src+=\"#?secret=\"+t,e.setAttribute(\"data-secret\",t)),e.contentWindow.postMessage({message:\"ready\",secret:t},\"*\")},!1)))}(window,document);\n\/\/# sourceURL=https:\/\/miklostv.com\/new\/wp-includes\/js\/wp-embed.min.js\n\/* ]]> *\/\n<\/script>\n","thumbnail_url":"https:\/\/miklostv.com\/new\/wp-content\/uploads\/2021\/06\/204119975_1855856081254191_7217336342627522698_n.png","thumbnail_width":966,"thumbnail_height":538,"description":"A gyorsforgalmi \u00fat T\u00f6r\u00f6kszentmikl\u00f3sn\u00e1l l\u00e9v\u0151 v\u00e9gcsom\u00f3pont \u00e9p\u00edt\u00e9s\u00e9nek megkezd\u00e9se miatt, 2021. j\u00fanius 24-t\u0151l, v\u00e1rhat\u00f3an 6 h\u00f3napig forgalomelterel\u00e9sre sz\u00e1m\u00edthatnak a 4. sz\u00e1m\u00fa f\u0151\u00fat t\u00f6r\u00f6kszentmikl\u00f3si szakasz\u00e1n k\u00f6zleked\u0151k. A Budapest fel\u00f6l \u00e9rkez\u0151k a f\u0151\u00fat 111 km szelv\u00e9ny\u00e9t\u0151l, a Debrecen ir\u00e1ny\u00e1b\u00f3l \u00e9rkez\u0151k a 114 km szelv\u00e9nyt\u0151l sz\u00e1m\u00edthatnak sebess\u00e9gkorl\u00e1toz\u00e1sra \u00e9s forgalomterel\u00e9sre. A terel\u00e9sn\u00e9l 60-40-20 km\/\u00f3 sebess\u00e9gkorl\u00e1toz\u00e1s, valamint a menetid\u0151 megn\u00f6veked\u00e9s v\u00e1rhat\u00f3. A 4. sz. f\u0151\u00fat forgalma, a beruh\u00e1z\u00e1s keret\u00e9ben m\u00e1r elk\u00e9sz\u00fclt, az \u00e1br\u00e1n jel\u00f6lt, A, B \u00e9s C jel\u0171 k\u00f6rforgalmakra ker\u00fcl \u00e1tterel\u00e9sre, annak \u00e9rdek\u00e9ben, hogy a gyorsforgalmi \u00fati szakaszok a tov\u00e1bbiakban meg\u00e9p\u00edthet\u0151ek legyenek. A Budapest fel\u0151l&hellip;"}

Miklós TV

FORGALOMELTERELÉS A 4. SZÁMÚ FŐÚT TÖRÖKSZENTMIKLÓSI SZAKASZÁN - Miklós TV

<blockquote class="wp-embedded-content" data-secret="gPQRPeWNXx"><a href="https://miklostv.com/new/2021/06/24/forgalomeltereles-a-4-szamu-fout-torokszentmiklosi-szakaszan/">FORGALOMELTERELÉS A 4. SZÁMÚ FŐÚT TÖRÖKSZENTMIKLÓSI SZAKASZÁN</a></blockquote><iframe sandbox="allow-scripts" security="restricted" src="https://miklostv.com/new/2021/06/24/forgalomeltereles-a-4-szamu-fout-torokszentmiklosi-szakaszan/embed/#?secret=gPQRPeWNXx" width="600" height="338" title="&#8220;FORGALOMELTERELÉS A 4. SZÁMÚ FŐÚT TÖRÖKSZENTMIKLÓSI SZAKASZÁN&#8221; &#8212; Miklós TV" data-secret="gPQRPeWNXx" frameborder="0" marginwidth="0" marginheight="0" scrolling="no" class="wp-embedded-content"></iframe><script type="text/javascript">
/* <![CDATA[ */
/*! This file is auto-generated */
!function(d,l){"use strict";l.querySelector&&d.addEventListener&&"undefined"!=typeof URL&&(d.wp=d.wp||{},d.wp.receiveEmbedMessage||(d.wp.receiveEmbedMessage=function(e){var t=e.data;if((t||t.secret||t.message||t.value)&&!/[^a-zA-Z0-9]/.test(t.secret)){for(var s,r,n,a=l.querySelectorAll('iframe[data-secret="'+t.secret+'"]'),o=l.querySelectorAll('blockquote[data-secret="'+t.secret+'"]'),c=new RegExp("^https?:$","i"),i=0;i<o.length;i++)o[i].style.display="none";for(i=0;i<a.length;i++)s=a[i],e.source===s.contentWindow&&(s.removeAttribute("style"),"height"===t.message?(1e3<(r=parseInt(t.value,10))?r=1e3:~~r<200&&(r=200),s.height=r):"link"===t.message&&(r=new URL(s.getAttribute("src")),n=new URL(t.value),c.test(n.protocol))&&n.host===r.host&&l.activeElement===s&&(d.top.location.href=t.value))}},d.addEventListener("message",d.wp.receiveEmbedMessage,!1),l.addEventListener("DOMContentLoaded",function(){for(var e,t,s=l.querySelectorAll("iframe.wp-embedded-content"),r=0;r<s.length;r++)(t=(e=s[r]).getAttribute("data-secret"))||(t=Math.random().toString(36).substring(2,12),e.src+="#?secret="+t,e.setAttribute("data-secret",t)),e.contentWindow.postMessage({message:"ready",secret:t},"*")},!1)))}(window,document);
//# sourceURL=https://miklostv.com/new/wp-includes/js/wp-embed.min.js
/* ]]> */
</script>

A gyorsforgalmi út Törökszentmiklósnál lévő végcsomópont építésének megkezdése miatt, 2021. június 24-től, várhatóan 6 hónapig forgalomelterelésre számíthatnak a 4. számú főút törökszentmiklósi szakaszán közlekedők. A Budapest felöl érkezők a főút 111 km szelvényétől, a Debrecen irányából érkezők a 114 km szelvénytől számíthatnak sebességkorlátozásra és forgalomterelésre. A terelésnél 60-40-20 km/ó sebességkorlátozás, valamint a menetidő megnövekedés várható. A 4. sz. főút forgalma, a beruházás keretében már elkészült, az ábrán jelölt, A, B és C jelű körforgalmakra kerül átterelésre, annak érdekében, hogy a gyorsforgalmi úti szakaszok a továbbiakban megépíthetőek legyenek. A Budapest felől&hellip;
