{"version":"1.0","provider_name":"Mikl\u00f3s TV","provider_url":"https:\/\/miklostv.com\/new","title":"J\u00c1RV\u00c1NY\u00dcGYI SZAB\u00c1LYOZ\u00c1S A POLG\u00c1RMESTERI HIVATALBAN - Mikl\u00f3s TV","type":"rich","width":600,"height":338,"html":"<blockquote class=\"wp-embedded-content\" data-secret=\"zys4jyMfMs\"><a href=\"https:\/\/miklostv.com\/new\/2020\/09\/23\/jarvanyugyi-szabalyozas-a-polgarmesteri-hivatalban\/\">J\u00c1RV\u00c1NY\u00dcGYI SZAB\u00c1LYOZ\u00c1S A POLG\u00c1RMESTERI HIVATALBAN<\/a><\/blockquote><iframe sandbox=\"allow-scripts\" security=\"restricted\" src=\"https:\/\/miklostv.com\/new\/2020\/09\/23\/jarvanyugyi-szabalyozas-a-polgarmesteri-hivatalban\/embed\/#?secret=zys4jyMfMs\" width=\"600\" height=\"338\" title=\"&#8220;J\u00c1RV\u00c1NY\u00dcGYI SZAB\u00c1LYOZ\u00c1S A POLG\u00c1RMESTERI HIVATALBAN&#8221; &#8212; Mikl\u00f3s TV\" data-secret=\"zys4jyMfMs\" frameborder=\"0\" marginwidth=\"0\" marginheight=\"0\" scrolling=\"no\" class=\"wp-embedded-content\"><\/iframe><script type=\"text\/javascript\">\n\/* <![CDATA[ *\/\n\/*! This file is auto-generated *\/\n!function(d,l){\"use strict\";l.querySelector&&d.addEventListener&&\"undefined\"!=typeof URL&&(d.wp=d.wp||{},d.wp.receiveEmbedMessage||(d.wp.receiveEmbedMessage=function(e){var t=e.data;if((t||t.secret||t.message||t.value)&&!\/[^a-zA-Z0-9]\/.test(t.secret)){for(var s,r,n,a=l.querySelectorAll('iframe[data-secret=\"'+t.secret+'\"]'),o=l.querySelectorAll('blockquote[data-secret=\"'+t.secret+'\"]'),c=new RegExp(\"^https?:$\",\"i\"),i=0;i<o.length;i++)o[i].style.display=\"none\";for(i=0;i<a.length;i++)s=a[i],e.source===s.contentWindow&&(s.removeAttribute(\"style\"),\"height\"===t.message?(1e3<(r=parseInt(t.value,10))?r=1e3:~~r<200&&(r=200),s.height=r):\"link\"===t.message&&(r=new URL(s.getAttribute(\"src\")),n=new URL(t.value),c.test(n.protocol))&&n.host===r.host&&l.activeElement===s&&(d.top.location.href=t.value))}},d.addEventListener(\"message\",d.wp.receiveEmbedMessage,!1),l.addEventListener(\"DOMContentLoaded\",function(){for(var e,t,s=l.querySelectorAll(\"iframe.wp-embedded-content\"),r=0;r<s.length;r++)(t=(e=s[r]).getAttribute(\"data-secret\"))||(t=Math.random().toString(36).substring(2,12),e.src+=\"#?secret=\"+t,e.setAttribute(\"data-secret\",t)),e.contentWindow.postMessage({message:\"ready\",secret:t},\"*\")},!1)))}(window,document);\n\/\/# sourceURL=https:\/\/miklostv.com\/new\/wp-includes\/js\/wp-embed.min.js\n\/* ]]> *\/\n<\/script>\n","thumbnail_url":"https:\/\/miklostv.com\/new\/wp-content\/uploads\/2020\/09\/jarvanyugyi_mukodesi_rend.jpg","thumbnail_width":1024,"thumbnail_height":536,"description":"Tekintettel a j\u00e1rv\u00e1ny\u00fcgyi k\u00e9sz\u00fclts\u00e9gi id\u0151szak v\u00e9delmi int\u00e9zked\u00e9seir\u0151l sz\u00f3l\u00f3 431\/2020. (IX. 18.) Korm. rendelet 1. \u00a7 (1) bekezd\u00e9s h) pontj\u00e1ban el\u0151\u00edrtakra, a T\u00f6r\u00f6kszentmikl\u00f3si Polg\u00e1rmesteri Hivatal folyamatos m\u0171k\u00f6d\u00e9s\u00e9nek biztos\u00edt\u00e1sa \u00e9rdek\u00e9ben a hivatalba val\u00f3 bel\u00e9p\u00e9s rendje 2020. szeptember 23-t\u00f3l visszavon\u00e1sig az al\u00e1bbiakban ker\u00fcl szab\u00e1lyoz\u00e1sra. Polg\u00e1rmesteri Hivatalba val\u00f3 bel\u00e9p\u00e9s rendje 1. \u00dcgyf\u00e9lfogad\u00e1si napokon \u00e9s id\u0151pontokban (h\u00e9tf\u0151n \u00e9s szerd\u00e1n 8.00 \u00f3r\u00e1t\u00f3l-16.00 \u00f3r\u00e1ig, p\u00e9nteken 8.00 \u00f3r\u00e1t\u00f3l-12.00 \u00f3r\u00e1ig.) az \u00fcgyfelek kiz\u00e1r\u00f3lag a f\u0151bej\u00e1raton kereszt\u00fcl l\u00e9phetnek be a Polg\u00e1rmesteri Hivatal \u00e9p\u00fclet\u00e9be. \u00a0 2. A Polg\u00e1rmesteri Hivatalban egyszerre legfeljebb 10 \u00fcgyf\u00e9l tart\u00f3zkodhat a k\u00e9pvisel\u0151-test\u00fcleti \u00e9s bizotts\u00e1gi \u00fcl\u00e9seken, valamint a&hellip;"}

Miklós TV

JÁRVÁNYÜGYI SZABÁLYOZÁS A POLGÁRMESTERI HIVATALBAN - Miklós TV

<blockquote class="wp-embedded-content" data-secret="zys4jyMfMs"><a href="https://miklostv.com/new/2020/09/23/jarvanyugyi-szabalyozas-a-polgarmesteri-hivatalban/">JÁRVÁNYÜGYI SZABÁLYOZÁS A POLGÁRMESTERI HIVATALBAN</a></blockquote><iframe sandbox="allow-scripts" security="restricted" src="https://miklostv.com/new/2020/09/23/jarvanyugyi-szabalyozas-a-polgarmesteri-hivatalban/embed/#?secret=zys4jyMfMs" width="600" height="338" title="&#8220;JÁRVÁNYÜGYI SZABÁLYOZÁS A POLGÁRMESTERI HIVATALBAN&#8221; &#8212; Miklós TV" data-secret="zys4jyMfMs" frameborder="0" marginwidth="0" marginheight="0" scrolling="no" class="wp-embedded-content"></iframe><script type="text/javascript">
/* <![CDATA[ */
/*! This file is auto-generated */
!function(d,l){"use strict";l.querySelector&&d.addEventListener&&"undefined"!=typeof URL&&(d.wp=d.wp||{},d.wp.receiveEmbedMessage||(d.wp.receiveEmbedMessage=function(e){var t=e.data;if((t||t.secret||t.message||t.value)&&!/[^a-zA-Z0-9]/.test(t.secret)){for(var s,r,n,a=l.querySelectorAll('iframe[data-secret="'+t.secret+'"]'),o=l.querySelectorAll('blockquote[data-secret="'+t.secret+'"]'),c=new RegExp("^https?:$","i"),i=0;i<o.length;i++)o[i].style.display="none";for(i=0;i<a.length;i++)s=a[i],e.source===s.contentWindow&&(s.removeAttribute("style"),"height"===t.message?(1e3<(r=parseInt(t.value,10))?r=1e3:~~r<200&&(r=200),s.height=r):"link"===t.message&&(r=new URL(s.getAttribute("src")),n=new URL(t.value),c.test(n.protocol))&&n.host===r.host&&l.activeElement===s&&(d.top.location.href=t.value))}},d.addEventListener("message",d.wp.receiveEmbedMessage,!1),l.addEventListener("DOMContentLoaded",function(){for(var e,t,s=l.querySelectorAll("iframe.wp-embedded-content"),r=0;r<s.length;r++)(t=(e=s[r]).getAttribute("data-secret"))||(t=Math.random().toString(36).substring(2,12),e.src+="#?secret="+t,e.setAttribute("data-secret",t)),e.contentWindow.postMessage({message:"ready",secret:t},"*")},!1)))}(window,document);
//# sourceURL=https://miklostv.com/new/wp-includes/js/wp-embed.min.js
/* ]]> */
</script>

Tekintettel a járványügyi készültségi időszak védelmi intézkedéseiről szóló 431/2020. (IX. 18.) Korm. rendelet 1. § (1) bekezdés h) pontjában előírtakra, a Törökszentmiklósi Polgármesteri Hivatal folyamatos működésének biztosítása érdekében a hivatalba való belépés rendje 2020. szeptember 23-tól visszavonásig az alábbiakban kerül szabályozásra. Polgármesteri Hivatalba való belépés rendje 1. Ügyfélfogadási napokon és időpontokban (hétfőn és szerdán 8.00 órától-16.00 óráig, pénteken 8.00 órától-12.00 óráig.) az ügyfelek kizárólag a főbejáraton keresztül léphetnek be a Polgármesteri Hivatal épületébe.   2. A Polgármesteri Hivatalban egyszerre legfeljebb 10 ügyfél tartózkodhat a képviselő-testületi és bizottsági üléseken, valamint a&hellip;
