{"version":"1.0","provider_name":"Mikl\u00f3s TV","provider_url":"https:\/\/miklostv.com\/new","title":"I. T\u00d6R\u00d6KSZENTMIKL\u00d3SI STRANDFESZTIV\u00c1L SAJT\u00d3T\u00c1J\u00c9KOZTAT\u00d3 - Mikl\u00f3s TV","type":"rich","width":600,"height":338,"html":"<blockquote class=\"wp-embedded-content\" data-secret=\"zCjlbpxzce\"><a href=\"https:\/\/miklostv.com\/new\/2020\/08\/07\/i-torokszentmiklosi-strandfesztival-sajtotajekoztato-2\/\">I. T\u00d6R\u00d6KSZENTMIKL\u00d3SI STRANDFESZTIV\u00c1L SAJT\u00d3T\u00c1J\u00c9KOZTAT\u00d3<\/a><\/blockquote><iframe sandbox=\"allow-scripts\" security=\"restricted\" src=\"https:\/\/miklostv.com\/new\/2020\/08\/07\/i-torokszentmiklosi-strandfesztival-sajtotajekoztato-2\/embed\/#?secret=zCjlbpxzce\" width=\"600\" height=\"338\" title=\"&#8220;I. T\u00d6R\u00d6KSZENTMIKL\u00d3SI STRANDFESZTIV\u00c1L SAJT\u00d3T\u00c1J\u00c9KOZTAT\u00d3&#8221; &#8212; Mikl\u00f3s TV\" data-secret=\"zCjlbpxzce\" frameborder=\"0\" marginwidth=\"0\" marginheight=\"0\" scrolling=\"no\" class=\"wp-embedded-content\"><\/iframe><script type=\"text\/javascript\">\n\/* <![CDATA[ *\/\n\/*! This file is auto-generated *\/\n!function(d,l){\"use strict\";l.querySelector&&d.addEventListener&&\"undefined\"!=typeof URL&&(d.wp=d.wp||{},d.wp.receiveEmbedMessage||(d.wp.receiveEmbedMessage=function(e){var t=e.data;if((t||t.secret||t.message||t.value)&&!\/[^a-zA-Z0-9]\/.test(t.secret)){for(var s,r,n,a=l.querySelectorAll('iframe[data-secret=\"'+t.secret+'\"]'),o=l.querySelectorAll('blockquote[data-secret=\"'+t.secret+'\"]'),c=new RegExp(\"^https?:$\",\"i\"),i=0;i<o.length;i++)o[i].style.display=\"none\";for(i=0;i<a.length;i++)s=a[i],e.source===s.contentWindow&&(s.removeAttribute(\"style\"),\"height\"===t.message?(1e3<(r=parseInt(t.value,10))?r=1e3:~~r<200&&(r=200),s.height=r):\"link\"===t.message&&(r=new URL(s.getAttribute(\"src\")),n=new URL(t.value),c.test(n.protocol))&&n.host===r.host&&l.activeElement===s&&(d.top.location.href=t.value))}},d.addEventListener(\"message\",d.wp.receiveEmbedMessage,!1),l.addEventListener(\"DOMContentLoaded\",function(){for(var e,t,s=l.querySelectorAll(\"iframe.wp-embedded-content\"),r=0;r<s.length;r++)(t=(e=s[r]).getAttribute(\"data-secret\"))||(t=Math.random().toString(36).substring(2,12),e.src+=\"#?secret=\"+t,e.setAttribute(\"data-secret\",t)),e.contentWindow.postMessage({message:\"ready\",secret:t},\"*\")},!1)))}(window,document);\n\/\/# sourceURL=https:\/\/miklostv.com\/new\/wp-includes\/js\/wp-embed.min.js\n\/* ]]> *\/\n<\/script>\n","thumbnail_url":"https:\/\/miklostv.com\/new\/wp-content\/uploads\/2020\/08\/sajtaj_08.07_youtube.jpg","thumbnail_width":960,"thumbnail_height":540,"description":"Sajt\u00f3t\u00e1j\u00e9koztat\u00f3n ker\u00fcltek bemutat\u00e1sra a IV. Alf\u00f6ld Sz\u00e9pe Sz\u00e9ps\u00e9gverseny \u00fajabb zs\u0171ritagjai.&nbsp; Nagy Szil\u00e1rd szervez\u0151 t\u00e1j\u00e9koztatott a rendezv\u00e9ny aktualit\u00e1sair\u00f3l, valamint bemutatta a zs\u0171ritagokat. T\u00f6r\u00f6k Nikoletta, a Miss Universe Hungary verseny d\u00f6nt\u0151se motiv\u00e1lta azokat, akik kac\u00e9rkodnak a versenyre val\u00f3 nevez\u00e9s gondolat\u00e1val. T\u00f6r\u00f6s Ram\u00f3na, az Agrotrend \u00e1ltal szervezett Agr\u00e1rvil\u00e1g Sz\u00e9pe verseny els\u0151 udvarh\u00f6lgye arr\u00f3l is besz\u00e9lt, hogy hogyan ker\u00fclt a sz\u00e9ps\u00e9gversenyek vil\u00e1g\u00e1ba. Sz\u00e9les Em\u00edlia, a Magyar Vil\u00e1gtal\u00e1lkoz\u00f3 Sz\u00e9pe verseny versenyigazgat\u00f3ja is a nevez\u0151knek \u00fczent."}

Miklós TV

I. TÖRÖKSZENTMIKLÓSI STRANDFESZTIVÁL SAJTÓTÁJÉKOZTATÓ - Miklós TV

<blockquote class="wp-embedded-content" data-secret="zCjlbpxzce"><a href="https://miklostv.com/new/2020/08/07/i-torokszentmiklosi-strandfesztival-sajtotajekoztato-2/">I. TÖRÖKSZENTMIKLÓSI STRANDFESZTIVÁL SAJTÓTÁJÉKOZTATÓ</a></blockquote><iframe sandbox="allow-scripts" security="restricted" src="https://miklostv.com/new/2020/08/07/i-torokszentmiklosi-strandfesztival-sajtotajekoztato-2/embed/#?secret=zCjlbpxzce" width="600" height="338" title="&#8220;I. TÖRÖKSZENTMIKLÓSI STRANDFESZTIVÁL SAJTÓTÁJÉKOZTATÓ&#8221; &#8212; Miklós TV" data-secret="zCjlbpxzce" frameborder="0" marginwidth="0" marginheight="0" scrolling="no" class="wp-embedded-content"></iframe><script type="text/javascript">
/* <![CDATA[ */
/*! This file is auto-generated */
!function(d,l){"use strict";l.querySelector&&d.addEventListener&&"undefined"!=typeof URL&&(d.wp=d.wp||{},d.wp.receiveEmbedMessage||(d.wp.receiveEmbedMessage=function(e){var t=e.data;if((t||t.secret||t.message||t.value)&&!/[^a-zA-Z0-9]/.test(t.secret)){for(var s,r,n,a=l.querySelectorAll('iframe[data-secret="'+t.secret+'"]'),o=l.querySelectorAll('blockquote[data-secret="'+t.secret+'"]'),c=new RegExp("^https?:$","i"),i=0;i<o.length;i++)o[i].style.display="none";for(i=0;i<a.length;i++)s=a[i],e.source===s.contentWindow&&(s.removeAttribute("style"),"height"===t.message?(1e3<(r=parseInt(t.value,10))?r=1e3:~~r<200&&(r=200),s.height=r):"link"===t.message&&(r=new URL(s.getAttribute("src")),n=new URL(t.value),c.test(n.protocol))&&n.host===r.host&&l.activeElement===s&&(d.top.location.href=t.value))}},d.addEventListener("message",d.wp.receiveEmbedMessage,!1),l.addEventListener("DOMContentLoaded",function(){for(var e,t,s=l.querySelectorAll("iframe.wp-embedded-content"),r=0;r<s.length;r++)(t=(e=s[r]).getAttribute("data-secret"))||(t=Math.random().toString(36).substring(2,12),e.src+="#?secret="+t,e.setAttribute("data-secret",t)),e.contentWindow.postMessage({message:"ready",secret:t},"*")},!1)))}(window,document);
//# sourceURL=https://miklostv.com/new/wp-includes/js/wp-embed.min.js
/* ]]> */
</script>

Sajtótájékoztatón kerültek bemutatásra a IV. Alföld Szépe Szépségverseny újabb zsűritagjai.&nbsp; Nagy Szilárd szervező tájékoztatott a rendezvény aktualitásairól, valamint bemutatta a zsűritagokat. Török Nikoletta, a Miss Universe Hungary verseny döntőse motiválta azokat, akik kacérkodnak a versenyre való nevezés gondolatával. Törös Ramóna, az Agrotrend által szervezett Agrárvilág Szépe verseny első udvarhölgye arról is beszélt, hogy hogyan került a szépségversenyek világába. Széles Emília, a Magyar Világtalálkozó Szépe verseny versenyigazgatója is a nevezőknek üzent.
